
Let w(g) = g**3 + 2*g**2 + 4*g + 5. What is the remainder when 354 is divided by w(4)?
3
Suppose 2*x = -2*x - 24. Let j be (x/21)/(1/(-7)). Suppose 2*s - 1 = s, h - 16 = -j*s. What is the remainder when h is divided by 5?
4
Calculate the remainder when 1548 is divided by ((-30)/(-70))/((-9 - -4)/(-385)).
30
Let n(d) = d**3 - 11*d**2 + 31*d + 12. What is the remainder when 230 is divided by n(5)?
9
Let q = -6 + 6. Let j(s) = -s**2 + s + 4. Let c be j(q). Suppose 0 = c*a - a - 21. Calculate the remainder when 18 is divided by a.
4
Let g = -155 + 69. What is the remainder when (16/4)/((-4)/g) is divided by 11?
9
Suppose -5*k = -7*k + 168. Suppose k = 4*q - 2*a, 6*a = 4*q + a - 90. What is the remainder when 55 is divided by q?
15
Suppose -32*x = -5*x - 540. Calculate the remainder when x is divided by 1.
0
Let c = 47 - 45. Suppose 3*z - 5*t - 176 = 0, 8 = c*t - 2. What is the remainder when z is divided by 23?
21
Let p = 169 + -156. Let z(m) = -m**2 + 20*m - 75. Calculate the remainder when 63 is divided by z(p).
15
Suppose -3*q = -2*s + 7*s - 125, 0 = 2*s + 4*q - 36. Let l = -13 + 21. What is the remainder when s is divided by l?
4
Let z(v) = -5*v + 8. Let a(y) = -22*y + 31. Let j(n) = -2*a(n) + 9*z(n). Let p be 1*(0 - 0)/(-2). What is the remainder when 36 is divided by j(p)?
6
Let o(y) = y**2. Let l be o(1). Let h = l + 4. Suppose 0 = -3*b - h*k + 25, 0 = 5*b - 3*k - 14 - 73. What is the remainder when 57 is divided by b?
12
Let t = 177 - 151. What is the remainder when 151 is divided by t?
21
Let n = 1418 + -1399. What is the remainder when 245 is divided by n?
17
Let b be -12 + (3 - (2 + -2)). Let g = 16 + b. Calculate the remainder when (2 - 2) + -4 - (-6 - 18) is divided by g.
6
Let s = -441 + 466. Calculate the remainder when 239 is divided by s.
14
Let u(w) = -134*w + 1257. Calculate the remainder when u(6) is divided by 24.
21
Let m(z) = 59*z**2 + 6 - 2*z - 5 + z. Let j be m(-2). Suppose 5*o - 2*f - 22 = j, 149 = 3*o - 5*f. Calculate the remainder when o is divided by 28.
25
Let a be (-17)/(0 - (-4)/(-4)). Let f = a + 142. What is the remainder when f is divided by 23?
21
Suppose 0 = -4*m + 4*x - 100, -5*x + 0*x - 10 = 0. Let y = m - -44. Suppose -c + 3*c - 12 = 0. Calculate the remainder when y is divided by c.
5
Let j(t) = -t**3 - 5*t + 85. What is the remainder when 167 is divided by j(0)?
82
What is the remainder when (5925/(-30))/((-2)/4) is divided by 9?
8
Suppose -3*b - 4*d = -7*b + 224, -d = -1. What is the remainder when 505 is divided by b?
49
Suppose -2603 = -9*j + 259. What is the remainder when j is divided by 11?
10
Let d(v) = 134*v + 18. Let p(o) = -44*o - 6. Let j(c) = -3*d(c) - 8*p(c). Let g = -5 - -3. Calculate the remainder when j(g) is divided by 24.
22
What is the remainder when 241 is divided by 0/(-1) - ((-3 - 2) + -116)?
120
Let x(z) = -z**3 + 18*z**2 - 14*z - 25. What is the remainder when x(17) is divided by 10?
6
What is the remainder when 59 is divided by 8/(10 + (-704)/72)?
23
Let k(v) = -3*v + 8. Let y(q) = -q**3 - q**2 + 3*q. Let o be y(3). Let u = o + 41. Calculate the remainder when k(-10) is divided by u.
10
Let a(x) = 14*x**2 - 10*x - 14. Calculate the remainder when a(4) is divided by 7.
2
Let q = 38 + -20. Let x = 35 - q. What is the remainder when (65/(-15) - -7)*(1 + 17) is divided by x?
14
Suppose -30 = 4*o + 2. Let r be ((-78)/(-8))/((-3)/o). Suppose -3*p - 2*c = -63, p = 2*p - c - r. What is the remainder when 91 is divided by p?
22
Let c = -607 + 737. Calculate the remainder when c is divided by 19.
16
Let v = 2713 - 2189. Calculate the remainder when v is divided by 7.
6
Let h = 57 - 58. Calculate the remainder when 37/3*-3*(-1 + h) is divided by 11.
8
Suppose 6 = -x + 7. Let y(j) = 31*j**3 + j. Calculate the remainder when 122 is divided by y(x).
26
Let a(m) = 6. Let q(n) = -n + 30. Let t(j) = 11*a(j) - 2*q(j). What is the remainder when 127 is divided by t(10)?
23
Let w = -11 - -15. Suppose 13*b + 8 = 125. Calculate the remainder when b is divided by w.
1
Suppose 7*s - 85 = 104. What is the remainder when s is divided by 14?
13
Let h = 325 + -31. Let k = -160 + h. What is the remainder when k is divided by 34?
32
Let v(r) = r**3 + 11*r**2 + 9*r - 5. Suppose a - 52 = 5*p, -5*a = -2*p - 1 - 29. What is the remainder when (-262)/(-14) + (-6)/(-21) is divided by v(p)?
4
Let d(a) = -58*a - 5. Let n(y) = -175*y - 14. Let o(z) = 11*d(z) - 4*n(z). Suppose 10*p = 119 + 201. Calculate the remainder when o(1) is divided by p.
31
Let f = 30 + -24. Let y(h) = h**3 - 4*h**2 - 8*h - 3. What is the remainder when 104 is divided by y(f)?
20
Calculate the remainder when 84 is divided by (1/2)/((4/(-4))/(-26)).
6
Let b be ((-294)/12 + 2)*8/(-10). Let j = b + 1. What is the remainder when j is divided by 12?
7
Let r(x) = -303*x**3 - 7*x**2 - 6*x + 2. Calculate the remainder when r(-2) is divided by 19.
16
Let h = -1651 - -1685. What is the remainder when h is divided by 24?
10
Let b = 7 - 4. Suppose 0*q = b*q - 4*y + 3, -3*q = 3*y - 18. Suppose 2*v + 18 = 2*f, 0 = -4*f + f - v + 19. Calculate the remainder when f is divided by q.
1
Suppose 311 = -18*u + 923. Calculate the remainder when u is divided by 21.
13
Let g = -106 - -153. Suppose 2*i = -1 - 3. Calculate the remainder when g is divided by 19 + i/((-2)/(-3)).
15
Let i(y) = y**2 - 7*y - 3. Let b be i(16). Let r = b - 100. What is the remainder when r is divided by 15?
11
Suppose -5*h - 10 = -2*k + 148, 0 = 4*k - h - 298. Calculate the remainder when k is divided by 20.
14
Let c = -7 - -15. Suppose -3*f = 4*n - 110, 194 = 5*f + 12*n - 16*n. What is the remainder when f is divided by c?
6
Suppose 0 = 5*v - 111 - 84. Let o(n) = -n**3 - 9*n**2 - 3*n + 20. Let t be o(-9). Suppose 0 = 4*l - t + 7. Calculate the remainder when v is divided by l.
9
Suppose -16*q + 110 = -6*q. Calculate the remainder when 43 is divided by q.
10
Let x(f) = f**2 + 2*f + 4. Let w(c) = c**3 + 4*c**2 - 4*c + 1. Let y = -9 + 6. What is the remainder when w(y) is divided by x(-4)?
10
Let q(o) = 6*o**2. Let a be q(1). Let p = 7 + a. What is the remainder when 101 is divided by p?
10
Suppose -3*i + p = -8*i + 269, p = -4*i + 215. Calculate the remainder when 207 is divided by i.
45
Let z = 692 + -561. What is the remainder when z is divided by 18?
5
Suppose -2*l = j - 8, 4 = 3*l + 7. What is the remainder when 289 is divided by j?
9
Suppose 0 = -5*o + f + 13, 49*o + f + 1 = 48*o. What is the remainder when (-18)/(-8)*8/3 is divided by o?
0
Suppose -3*c + 4*p + 8 = 0, 6 - 30 = -c - 4*p. Calculate the remainder when 427 is divided by c.
3
Let r = -6 - -9. Suppose 3*n = -2*o + 20, 0 = r*o + n + n - 20. Let j = -71 - -88. Calculate the remainder when j is divided by o.
1
Suppose -5*x + 65 = -5*v, 0 = x - 3*x - v + 20. Let w = -56 - -56. Calculate the remainder when (1 - -19) + w/(-9) is divided by x.
9
Suppose -5*t + o = -80, 0 = 4*t + 171*o - 172*o - 63. Suppose 147 = -g + 4*g. Calculate the remainder when g is divided by t.
15
Suppose t + 372 = 3*t. Suppose 2*x + 272 = -5*z + 91, 3*z = 4*x + 375. Let i = x + t. Calculate the remainder when i is divided by 24.
21
Let h = 1 - 11. Let c be (-3)/(-6) - 115/h. Suppose 4*z = -0*z + c. What is the remainder when 12 is divided by z?
0
Let s(d) = 11*d**2 - 21*d + 35. Let h(u) = -7*u**2 + 14*u - 23. Let y(p) = 8*h(p) + 5*s(p). What is the remainder when y(5) is divided by (-2)/3 - 25/(-15)?
0
Let b = -63 + 82. Suppose i + 0*i = -14. Let c = -9 - i. Calculate the remainder when b is divided by c.
4
Let q = 61 - 57. Suppose -3*b + q*r - 2*r = -105, r = 3. Calculate the remainder when 145 is divided by b.
34
Let r = 99 - 62. Let d = -70 + 80. Suppose d = -2*j + 3*j. Calculate the remainder when r is divided by j.
7
Suppose -4*r + 4 = 7*a - 6*a, -a - 3*r + 8 = 0. What is the remainder when 137 is divided by a?
17
Suppose 16*z - 144 + 0 = 0. Calculate the remainder when 34 is divided by z.
7
Let r = 225 - -30. Suppose -6*c = -3*c - r. What is the remainder when c is divided by 24?
13
Let f(b) = b**2 - 3*b - 10. What is the remainder when 56 is divided by f(-5)?
26
Suppose 1 = -0*w - w - 5*c, -4*w = 3*c - 13. Calculate the remainder when 14 is divided by ((-12)/(-4))/(2/w).
2
Let m = 5 + -21. What is the remainder when (-2)/4*2*-33 is divided by 4 - (3